ase 16) in base 7?
-64432601
What is 100325432 (base 6) in base 9?
3181232
-3687850 (base 10) to base 6
-211013214
Convert 139cf (base 16) to base 9.
132171
What is -30133232 (base 4) in base 9?
-77178
Convert -245a25 (base 11) to base 2.
-1011110110111001110
-5b4c (base 16) to base 4
-11231030
What is -4201246 (base 10) in base 9?
-7813021
-3132001334 (base 5) to base 15
-88a949
What is 2184a6 (base 16) in base 6?
115025354
-2b69 (base 12) to base 4
-1100001
What is 1116264 (base 8) in base 3?
120100121211
1119211 (base 14) to base 5
4040142004
-200012221202001 (base 3) to base 4
-210330002233
What is -10000101111100010010 (base 2) in base 13?
-162940
-4006133 (base 7) to base 2
-1110011011010010111
What is -4c015 (base 15) in base 6?
-5113032
-577215 (base 8) to base 3
-100222012001
Convert -2343242 (base 5) to base 4.
-22220310
1b378 (base 13) to base 6
1050530
What is -49b48 (base 15) in base 5?
-30013133
Convert -1ae16b (base 16) to base 2.
-110101110000101101011
-1110233042 (base 5) to base 6
-124031501
-16bd0 (base 15) to base 3
-10201212220
Convert 20110112212 (base 3) to base 15.
27a82
Convert a5da3 (base 14) to base 8.
1416273
Convert -260673 (base 11) to base 12.
-179856
-13b1e (base 16) to base 5
-10040140
Convert -15353422 (base 8) to base 12.
-1221b2a
-10221211212 (base 3) to base 4
-103001003
Convert 321d06 (base 15) to base 12.
970729
-30a5b (base 12) to base 15
-13d2e
What is 126621 (base 14) in base 15?
c7550
What is 1350947 (base 11) in base 5?
1044012214
706398 (base 12) to base 14
338a7a
Convert 24b2698 (base 12) to base 8.
33356124
Convert 64a8a9 (base 11) to base 14.
1d0a55
10450100 (base 6) to base 10
317556
-4303131 (base 5) to base 12
-35a03
What is 41b02 (base 16) in base 9?
450063
Convert 2a5a319 (base 11) to base 13.
1116409
Convert -1110110111101000101 (base 2) to base 11.
-303083
-110203032330 (base 4) to base 6
-311244420
What is acc1 (base 14) in base 16?
7509
What is -12300022020 (base 4) in base 5?
-423120440
-95053 (base 10) to base 12
-47011
What is 540f (base 16) in base 3?
1002112000
What is -102102110221 (base 3) in base 16?
-36e71
-9b004 (base 12) to base 3
-101110002011
What is 152167 (base 8) in base 11?
37957
1976769 (base 14) to base 2
110000010010000010011001
What is 178870 (base 9) in base 2?
11011001110011111
Convert -e26e (base 15) to base 8.
-135274
-583a65 (base 11) to base 9
-1663450
185887 (base 9) to base 13
409b1
34035222 (base 6) to base 8
3736476
Convert -686957 (base 10) to base 9.
-1256285
Convert 20bba (base 16) to base 8.
405672
Convert -402005 (base 6) to base 3.
-1121021012
What is 9158028 (base 10) in base 14?
130568c
Convert -135551315 (base 6) to base 3.
-12021011200102
What is -1728422 (base 9) in base 2?
-11101011010111110010
1110000111001001 (base 2) to base 8
160711
What is 1502143 (base 9) in base 14?
177bba
What is 11101410 (base 5) in base 6?
2025321
What is 165227 (base 8) in base 12?
2a907
What is -2241234401 (base 5) in base 12?
-182373b
What is 354421 (base 6) in base 10?
30829
Convert d396 (base 14) to base 13.
13745
Convert 16638203 (base 9) to base 4.
133312331211
84bc (base 14) to base 9
34366
What is -198a125 (base 11) in base 10?
-3351606
What is -31243114 (base 7) in base 2?
-1010000010101110001001
What is 10010010011111111000 (base 2) in base 4?
2102133320
What is 1a1727 (base 11) in base 9?
521705
23006000 (base 7) to base 16
1e8cab
Convert -6614260 (base 7) to base 12.
-331161
76854 (base 11) to base 5
12032000
Convert -a723 (base 12) to base 14.
-6963
Convert -2001201102 (base 3) to base 13.
-15647
-7898b2 (base 12) to base 15
-280385
Convert -1001200120120 (base 3) to base 11.
-356273
13320204404 (base 5) to base 11
9634313
What is 53025 (base 8) in base 7?
121151
What is 10001111000110111001 (base 2) in base 9?
1083058
222102121211 (base 3) to base 4
1333000213
Convert -2011534 (base 6) to base 13.
-34339
-126453 (base 7) to base 16
-5d5d
-72c983 (base 13) to base 8
-12172405
What is 401828 (base 9) in base 15?
4a5ee
What is -28563 (base 11) in base 5?
-2244404
2120101001221 (base 3) to base 4
11031113131
What is -6506586 (base 9) in base 16?
-353bec
Convert -34213231 (base 6) to base 15.
-159514
What is -2301211 (base 6) in base 10?
-116935
What is 9b8611 (base 12) in base 3?
11200010001111
What is -5be661 (base 15) in base 5?
-2111334231
What is 857c (base 14) in base 11?
16348
What is 663353 (base 11) in base 16?
102706
What is 88b84 (base 15) in base 8?
1520647
What is 23775211 (base 9) in base 4?
230111232310
9b292 (base 16) to base 11
3a4542
What is 12210121231 (base 4) in base 7?
20431210
What is 12033001022 (base 4) in base 2?
110001111000001001010
What is -151a17 (base 11) in base 4?
-321310033
-9664 (base 12) to base 14
-6020
-10200221022 (base 3) to base 16
-11c96
What is -13088ab (base 12) in base 11?
-212a688
What is -112222002221 (base 3) in base 9?
-488087
Convert 10a3c0 (base 16) to base 4.
10022033000
211001211220202 (base 3) to base 10
11728091
What is -121314 (base 8) in base 9?
-63146
What is -5729351 (base 10) in base 8?
-25666107
What is 12201020120 (base 3) in base 8?
333473
What is -15744541 (base 9) in base 12?
-2781ba7
What is -540400 (base 7) in base 10?
-93835
Convert 1100001111010100111010 (base 2) to base 15.
435a06
What is 1001101011001100110101 (base 2) in base 12?
a23899
34231 (base 9) to base 4
11210011
What is -87683 (base 9) in base 16?
-e328
What is 34937 (base 12) in base 11?
48a34
What is 43545 (base 13) in base 2?
11101101110001001
-5aea2 (base 16) to base 3
-200220211002
What is 341010322 (base 6) in base 8?
27532312
What is 5573014 (base 9) in base 3?
12122110000111
-5a73a6 (base 13) to base 4
-20032320101
Convert -8124229 (base 10) to base 14.
-1116a21
221233323 (base 4) to base 12
82b63
What is -3647154 (base 8) in base 9?
-1788013
What is 21658 (base 13) in base 8?
165766
What is -261c4 (base 15) in base 5?
-12400114
Convert -1333001332 (base 4) to base 13.
-152aa6
1221202010000 (base 3) to base 5
231210202
What is 11034 (base 12) in base 3?
1010212111
Convert 1228724 (base 11) to base 12.
86b282
5dd0bc (base 16) to base 14
b608b2
What is 74460 (base 13) in base 9?
348303
100000001100000101110 (base 2) to base 6
34335102
59044 (base 10) to base 14
17736
Convert -102422320 (base 5) to base 15.
-89290
Convert -361036 (base 13) to base 8.
-4722477
What is -744650 (base 9) in base 13?
-126867
What is 23023133 (base 4) in base 8?
131337
-12252131 (base 7) to base 13
-2c9099
29676a (base 16) to base 10
2713450
Convert -12772031 (base 8) to base 2.
-1010111111010000011001
What is -20235101 (base 8) in base 5?
-2043243003
What is -6443488 (base 11) in base 13?
-246c115
What is 33433303 (base 5) in base 11?
1924a2
Convert 1a8b172 (base 12) to base 7.
66050540
221102323 (base 4) to base 13
5bcb4
Convert 122565 (base 14) to base 13.
1899a8
What is -7636247 (base 10) in base 4?
-131020110113
What is 1c019 (base 14) in base 15?
1622c
What is -22043426 (base 7) in base 4?
-13032031301
-8627876 (base 10) to base 5
-4202043001
Convert -85f0f0 (base 16) to base 14.
-1246d7a
12083 (base 14) to base 11
30088
-1010111000000011111 (base 2) to base 14
-93c3d
Convert -23d01 (base 15) to base 14.
-2d925
124014443 (base 5) to base 3
1011000121200
Convert -43020515 (base 6) to base 13.
-352850
Convert -517752 (base 8) to base 4.
-221333222
Convert -68498 (base 14) to base 12.
-10275a
2d6ea0 (base 15) to base 10
2200425
What is 1a439 (base 16) in base 12?
52309
What is 35094 (base 13) in base 3?
11220202210
-3776264 (base 9) to base 5
-1011330222
-9994cc (base 13) to base 9
-6725667
Convert 101010001000011101100101 (base 2) to base 5.
10311412314
What is -1101001100111111110110 (base 2) in base 3?
-20111211202021
Convert -11101000100001010 (base 2) to base 9.
-201267
Convert -314213230 (base 5) to base 4.
-11002032013
Convert baa3 (base 13) to base 3.
1022122121
3c3e6 (base 16) to base 7
2045261
What is -a7b67d (base 14) in base 12?
-1a9a2a7
What is 5c27 (base 16) in base 9?
35322
What is 10200122100022 (base 3) in base 12?
7a6ba5
-763cd8 (base 14) to base 12
-1412386
-25345 (base 10) to base 6
-313201
What is 21322404 (base 5) in base 3?
100021211101
What is 7ba8d3 (base 14) in base 6?
230213001
Convert 142411314 (base 6) to base 1